{"id":3614,"date":"2017-01-02T08:29:18","date_gmt":"2017-01-02T08:29:18","guid":{"rendered":"https:\/\/demo.themegrill.com\/flash-default-2\/?page_id=7"},"modified":"2021-12-10T00:26:06","modified_gmt":"2021-12-09T21:26:06","slug":"layouts","status":"publish","type":"page","link":"https:\/\/fthdental.com\/?page_id=3614","title":{"rendered":"\u00dcR\u00dcNLER\u0130M\u0130Z"},"content":{"rendered":"\n<figure class=\"wp-block-image size-large is-resized\"><img loading=\"lazy\" decoding=\"async\" src=\"https:\/\/fthdental.com\/wp-content\/uploads\/2021\/03\/20210328_150742-1024x373.png\" alt=\"\" class=\"wp-image-4048\" width=\"839\" height=\"305\" srcset=\"https:\/\/fthdental.com\/wp-content\/uploads\/2021\/03\/20210328_150742-1024x373.png 1024w, https:\/\/fthdental.com\/wp-content\/uploads\/2021\/03\/20210328_150742-300x109.png 300w, https:\/\/fthdental.com\/wp-content\/uploads\/2021\/03\/20210328_150742-768x280.png 768w, https:\/\/fthdental.com\/wp-content\/uploads\/2021\/03\/20210328_150742-228x83.png 228w, https:\/\/fthdental.com\/wp-content\/uploads\/2021\/03\/20210328_150742.png 1189w\" sizes=\"auto, (max-width: 839px) 100vw, 839px\" \/><\/figure>\n\n\n\n<p><\/p>\n\n\n\n<p><\/p>\n\n\n\n<p><\/p>\n\n\n\n<p><\/p>\n\n\n\n<p><\/p>\n\n\n\n<p><\/p>\n","protected":false},"excerpt":{"rendered":"","protected":false},"author":1,"featured_media":0,"parent":0,"menu_order":0,"comment_status":"closed","ping_status":"closed","template":"","meta":{"_coblocks_attr":"","_coblocks_dimensions":"","_coblocks_responsive_height":"","_coblocks_accordion_ie_support":"","footnotes":""},"class_list":["post-3614","page","type-page","status-publish","hentry"],"_links":{"self":[{"href":"https:\/\/fthdental.com\/index.php?rest_route=\/wp\/v2\/pages\/3614","targetHints":{"allow":["GET"]}}],"collection":[{"href":"https:\/\/fthdental.com\/index.php?rest_route=\/wp\/v2\/pages"}],"about":[{"href":"https:\/\/fthdental.com\/index.php?rest_route=\/wp\/v2\/types\/page"}],"author":[{"embeddable":true,"href":"https:\/\/fthdental.com\/index.php?rest_route=\/wp\/v2\/users\/1"}],"replies":[{"embeddable":true,"href":"https:\/\/fthdental.com\/index.php?rest_route=%2Fwp%2Fv2%2Fcomments&post=3614"}],"version-history":[{"count":21,"href":"https:\/\/fthdental.com\/index.php?rest_route=\/wp\/v2\/pages\/3614\/revisions"}],"predecessor-version":[{"id":4123,"href":"https:\/\/fthdental.com\/index.php?rest_route=\/wp\/v2\/pages\/3614\/revisions\/4123"}],"wp:attachment":[{"href":"https:\/\/fthdental.com\/index.php?rest_route=%2Fwp%2Fv2%2Fmedia&parent=3614"}],"curies":[{"name":"wp","href":"https:\/\/api.w.org\/{rel}","templated":true}]}}